 = -105*n - 140. Let i be t(-27). Suppose -10*f = f - i. What is the greatest common factor of f and 35?
35
Let a(q) be the third derivative of q**4/6 + 14*q**3/3 + 15*q**2. Let j be a(-2). What is the greatest common factor of j and 60?
20
Let z(x) = 3*x**2. Let i be z(1). Suppose i*r = 29 + 37. Suppose -464 = -24*g - 1137 + 1993. Calculate the greatest common factor of r and g.
11
Let w = -3908 + 3918. What is the greatest common factor of w and 8?
2
Let y(u) = u - 11. Let i be y(11). Suppose -5*l - 20 = i, -14 = v - 4*l - 1. Let z = 42 + v. What is the greatest common divisor of 91 and z?
13
Suppose 34*h = -f + 35*h + 259, -247 = -f - 3*h. Calculate the greatest common factor of 9664 and f.
64
Suppose -50 = -30*b + 74 + 416. Calculate the greatest common divisor of 2781 and b.
9
Let f be 5 - (-84)/(15/5) - 0. Suppose -5*s = -2*s - f. Calculate the greatest common factor of s and 33.
11
Suppose 4*s + 70 - 6 = 0. Let i be (s + 3)/(-1) + -1. Suppose f + 52 = -16*g, -4*f + 36 = 3*g - 0. What is the greatest common divisor of f and i?
12
Suppose -180*f - 4313 = -11955 - 5318. Calculate the highest common divisor of 2916 and f.
36
Let n = 474 - 473. Let w be (-27 + n + 0)*(-15 + 14). Calculate the highest common factor of 104 and w.
26
Suppose 40*z + 48*z - 446865 = -5*z. Calculate the highest common divisor of z and 5.
5
Let k be (2 - 2) + (1 - -1 - 1). Let s be -4 + 9 + -3 + 15/k. Suppose 0 = -45*v + 44*v + s. Calculate the greatest common divisor of v and 1.
1
Let o(f) = -f**3 + 8*f**2 + 14*f - 29. Let l be 14 - 1*(5 + 0). Let z be o(l). Calculate the greatest common factor of z and 48.
16
Let l be ((-2075)/8)/(-5) + (2/(-48))/((-11)/33). Let f be (-104)/10 - (-6)/15. Let x be (104/f)/(6/(-45)). What is the greatest common factor of x and l?
26
Let w = 7 - 19. Let u be ((-980)/w)/(-7)*-3. What is the greatest common divisor of 5 and u?
5
Suppose 3*h + 357 = q, -5*q + 596 = -3*h - 1153. Let x be q/27 + (-1)/(-9). Suppose 0 = x*o - 15*o + 48. Calculate the highest common divisor of o and 60.
12
Let o = -1371 - -1721. Suppose 0 = 4*p - 12, -3*j = -6*j - 4*p + 312. What is the greatest common divisor of o and j?
50
Suppose 145*d = 149*d + 2*s - 16090, -2*s = 14. Calculate the highest common divisor of 854 and d.
122
Suppose 0 = -2*u + 4*b, 5*u - 14 = -13*b + 9*b. Let y = 22 - 20. Suppose -y*j = -5*f + 188, -f = 7*j - 3*j - 42. What is the highest common divisor of u and f?
2
Let f(r) = -r**2 + 8*r - 23. Let u be f(5). Let i be 12/2 - (-172 - u). Calculate the highest common divisor of i and 10.
10
Suppose -4*z - 99 = -3*d, 0 = -5*d + 25 - 0. Let l = 34 + z. Let i = 397 - l. What is the greatest common divisor of 48 and i?
48
Let t be 6 - 0/((-2)/(-1)). Suppose t = 21*j - 19*j. Suppose 2*b + 3 = 3*b. What is the greatest common factor of b and j?
3
Let b = -3230 - -3235. What is the greatest common divisor of 58 and b?
1
Let w = 140 - 21. Let b be -2*2*(-6)/(-8). Let l be (1 + (-19)/2)/(b/6). Calculate the greatest common divisor of l and w.
17
Let q = 47 + -48. Let j be q*(-1 - (4 - 1)). Suppose u - 2*x = 36, -5*u + x - j*x = -141. What is the greatest common factor of u and 60?
30
Let y(a) = -a**3 + 3*a**2 - a + 199. Let f be y(0). Let x = 224 - f. Let u(q) = -q + 275. Let r be u(0). Calculate the highest common factor of r and x.
25
Suppose 3*w - 13*y + 9*y = -11, 2*y = 3*w + 1. Suppose -82 = w*b - 100. What is the highest common divisor of 3 and b?
3
Suppose 0 = -62*s + 56 + 19784. Calculate the highest common divisor of s and 520.
40
Let k be -96*((-3)/4)/(-12*(-2)/16). What is the highest common divisor of 352 and k?
16
Let r = 11858 - 11036. What is the highest common divisor of 6 and r?
6
Let h(x) = -x**3 - 3*x**2 - 4*x - 4. Let z be h(-3). Suppose 154 = n + z. Suppose -7*b = -n - 470. Calculate the highest common factor of b and 8.
8
Suppose 3*b = -t + 70, -34*t - 84 = -4*b - 33*t. What is the greatest common factor of b and 88?
22
Let q(c) = -c**2 + 4*c + 2. Let h be q(4). Suppose -4*n = v - 221, h*n + 4*v = 3*v + 109. Let l = -3836 - -3844. What is the highest common factor of l and n?
8
Let l(x) = x**2 + 12*x. Let g(r) = 3*r**2 - 22*r - r - 3*r**2 - r**2. Let q(t) = 3*g(t) + 5*l(t). Let i be q(8). What is the highest common factor of 8 and i?
8
Suppose -5*k = -2*s - 1562, -247 - 999 = -4*k - 2*s. What is the greatest common factor of k and 24?
24
Let k be (24/(-5))/(4/(-26) - 264/(-2730)). What is the highest common factor of 112 and k?
28
Suppose 4*x - 34 + 10 = 0. Suppose -11*t + 234 = -5*t. Suppose -t*a + 168 = -32*a. What is the highest common factor of a and x?
6
Suppose -i + 5*o - 4 = 0, -3*i + o = -401 + 385. What is the greatest common divisor of 658 and i?
2
Suppose 291*p + 465 = 322*p. Let s = -92 + 149. Suppose -s + p = -2*k. What is the highest common divisor of 14 and k?
7
Let c be ((-128)/6)/4*(32 - (-25235)/(-70)). Calculate the highest common divisor of c and 3358.
146
Let s(b) = -524*b - 6142. Let j be s(-12). Calculate the greatest common divisor of 511 and j.
73
Suppose 938*u - 3229492 - 978376 = 0. Calculate the highest common divisor of 2 and u.
2
Let j = -8109 + 12062. Calculate the highest common divisor of 118 and j.
59
Suppose 7 = -9*w - 20. Let x be 24/w*(-2 - 2). Let r be -1 + 161 - (-1 - -1). What is the greatest common divisor of x and r?
32
Let d be (-673638)/(-693) + (-7 - -4)/((-297)/(-6)). Calculate the greatest common factor of 48 and d.
12
Suppose 0 = -2*t + b + 109, -39*t = -37*t - 3*b - 103. Let n = -11 - -1. Let f be n*(0 + 70/(-25)). What is the greatest common factor of f and t?
28
Let x be 24/26 + -1 + (-1368)/(-39). Suppose 2*b - 966 = 364. What is the highest common divisor of b and x?
35
Suppose -8*h - 3108 = -84. Let s = h + 400. What is the highest common divisor of 704 and s?
22
Suppose 4*m - 12316 = 4*f, 0 = 5*f - 2 + 22. What is the greatest common divisor of m and 82?
41
Suppose 5*o = 10, -453 = -3*p + 6*o - 3*o. Suppose -3*v - p = 5*k - 578, 2*k - 5*v - 170 = 0. What is the highest common divisor of 17 and k?
17
Suppose 0 = h - 2*x + 5, 0*x - 7 = -h - x. Suppose -5*l + v = -163, -h*l + 108 = -3*v - v. What is the greatest common factor of 64 and l?
32
Let c be ((-24)/(-10))/(((-49)/(-35))/7). What is the greatest common factor of 258 and c?
6
Let q be 450/(39 - 24) - -4*(-3)/2. What is the highest common divisor of q and 156?
12
Suppose 1008 = 113*u - 97*u. Suppose -3*r - w + 19 = 0, -r + 16 = -3*w + 3. What is the greatest common factor of r and u?
7
Suppose 0 = 743*b - 741*b - 486. What is the greatest common divisor of b and 135?
27
Let i be 220 + (-13 - -13) + 11. What is the highest common divisor of i and 671?
11
Suppose -2775 = -5*w + 4*v, -38*v + 35*v = -w + 566. Calculate the greatest common divisor of w and 114.
19
Let f(i) = -i**3 + 5*i**2 + 5*i + 56. Let d be f(7). Let l be (d - (-1551)/22) + (-6)/4. What is the highest common divisor of l and 527?
31
Let z be -1*((-15)/(-6))/((-4)/8). Suppose 32 = 2*w - 5*k, -z = 2*w + 4*k - 1. Suppose 0 = -2*y + w*y - 60. What is the greatest common factor of y and 6?
3
Let a be -1 + 2 - (-4)/2. Suppose a*b - 54 + 21 = 0. Suppose 0 = -b*d + 3*d + 56. What is the highest common factor of d and 63?
7
Let d = 37 + -32. Let r = -2342 - -2358. What is the highest common factor of r and d?
1
Suppose -5*w = -7*w + 150. Let d be 6*702/(-324) + 343/1. What is the greatest common divisor of w and d?
15
Suppose -6*u - 22 = -574. Let h = 151 + -105. What is the greatest common factor of h and u?
46
Suppose 2*y - 4*h = -7*h + 179, -3*y = -6*h - 174. Calculate the highest common divisor of y and 4598.
38
Let f = -878 - -917. Let h(j) = 31*j + 17. Let a be h(7). What is the greatest common factor of f and a?
39
Let z = 160 - 138. Let c = z - -43. What is the greatest common divisor of c and 26?
13
Let o be (-8)/12 - (-17691)/9. What is the greatest common divisor of 15 and o?
15
Let l be 0 + ((-9)/(-21))/(-3) + (-2640)/(-105). Calculate the highest common factor of l and 1275.
25
Let a be -9 - 2*(-10)/40*1542. What is the highest common factor of 18 and a?
6
Let i(d) = 22*d**2 + 11*d + 35. Let c be i(0). Let s be 2/(-6) - 20/3. Let t = -2 - s. What is the highest common factor of c and t?
5
Let f be 14 + 2144/736 + 2/23. Let g(k) = 136*k. Let z = -2